s 4 - -6684c5c?
6684c62
In base 10, what is 1155906 + 81?
1155987
In base 3, what is 101222121011020 - 10?
101222121011010
In base 13, what is -1 + -3caa7818?
-3caa7819
In base 12, what is 262902 + 2?
262904
In base 13, what is -4 + 1775a01?
17759ca
In base 9, what is -10444355 - 110?
-10444465
In base 5, what is -2 + 4013034240?
4013034233
In base 9, what is -1268325084 + 2?
-1268325082
In base 5, what is -10 + 100220421331?
100220421321
In base 2, what is -10101011000101001 - -1001000111?
-10101001111100010
In base 6, what is 403102 + -13412?
345250
In base 7, what is -24 - 5444011?
-5444035
In base 13, what is -973 + 626?
-34a
In base 14, what is 1695 + 14579?
15c30
In base 7, what is -232502 + 34?
-232435
In base 12, what is 1a97 - -a00b3?
a1b8a
In base 2, what is 11110 - 11111001001101001?
-11111001001001011
In base 2, what is -111001000010000 + 11010100?
-111000100111100
In base 11, what is 287 + 58706?
58992
In base 2, what is -1100010101010100 + 110000?
-1100010100100100
In base 8, what is 0 + 4422362?
4422362
In base 5, what is 12300344 - -11130?
12312024
In base 16, what is 4db + ce1?
11bc
In base 2, what is 100110010 + 10011001010000101?
10011001110110111
In base 5, what is -24 + -301400213?
-301400242
In base 2, what is -1111000011110100100110 + -1011?
-1111000011110100110001
In base 6, what is 10454003 - 11?
10453552
In base 6, what is 412553 - 21130?
351423
In base 3, what is -20211 + -1221100012?
-1221121000
In base 7, what is 446011400 + 4?
446011404
In base 15, what is 1e4 + 34a818?
34aa0c
In base 11, what is 0 + 75a706?
75a706
In base 8, what is -1457 + -265137?
-266616
In base 12, what is 224 + bb5aa?
bb812
In base 2, what is -101111 - -111011111011100001?
111011111010110010
In base 15, what is 1 + 40d2c2?
40d2c3
In base 16, what is 67a9 - -1b8?
6961
In base 3, what is -11001020012 + -1012?
-11001021101
In base 2, what is -111011101010011 + -1001000011100110?
-10000100000111001
In base 13, what is -1a81b + 188?
-1a663
In base 7, what is 1 - 165142251?
-165142250
In base 10, what is 420 - 182156?
-181736
In base 2, what is 11101000011111 + 100010001100?
100001010101011
In base 11, what is 145 + -136669?
-136524
In base 14, what is 8c - -50321?
503ad
In base 9, what is 678267 + -3353?
674814
In base 10, what is 2391666 - -22?
2391688
In base 14, what is -ba3 + d22?
15d
In base 2, what is 1011100101000100011110 + 11?
1011100101000100100001
In base 8, what is -205 + -154647?
-155054
In base 5, what is 2113140444314 - 3?
2113140444311
In base 3, what is -120 - -20220100122?
20220100002
In base 2, what is -10001 - -111110000100011110101?
111110000100011100100
In base 14, what is -241ccd0 - 2?
-241ccd2
In base 4, what is 22021 + 1131023?
1213110
In base 10, what is -752 + -283999?
-284751
In base 14, what is -256a - -da?
-2470
In base 9, what is -5 + 207717127?
207717122
In base 15, what is 3c35b - a6?
3c2a5
In base 12, what is 15139b + -1?
15139a
In base 9, what is 602 - -105553?
106255
In base 9, what is 1140 + -852845?
-851705
In base 15, what is 341 + 6bdb?
702c
In base 3, what is -10111012022211011 - -1?
-10111012022211010
In base 9, what is 1334 - 1403668?
-1402334
In base 10, what is 49828879 + 0?
49828879
In base 10, what is -126069147 + 3?
-126069144
In base 12, what is 59326 + -2818?
5670a
In base 3, what is 1021221111 + 12022102?
1111020220
In base 13, what is -38b90 - 2c?
-38bbc
In base 15, what is 6c + 18090?
1810c
In base 5, what is 11 + 41240000401?
41240000412
In base 12, what is -603642 + -72?
-6036b4
In base 2, what is 1011 + 10000100000011001?
10000100000100100
In base 9, what is 2258006 + -3?
2258003
In base 10, what is -99 + 909837?
909738
In base 15, what is 1583 - -bbc7?
d25a
In base 9, what is 4 + -221744087?
-221744083
In base 13, what is -957 + -433c?
-4c96
In base 5, what is 11332013 - 103?
11331410
In base 7, what is -3051342 - -1502?
-3046540
In base 16, what is -35f8e + -b?
-35f99
In base 16, what is 1 + 18e4e11?
18e4e12
In base 11, what is -388 - -622674?
622297
In base 7, what is -3160 + -314522?
-321012
In base 10, what is -4 + -245677466?
-245677470
In base 2, what is -10101 + -101111101010101000100000?
-101111101010101000110101
In base 15, what is -15 + 3ac1da6?
3ac1d91
In base 10, what is -5 - -2616093?
2616088
In base 11, what is 2a - -1243aa4?
1244023
In base 15, what is b9b5 - -153?
bb18
In base 7, what is -24523356145 + -5?
-24523356153
In base 7, what is -663 + -342102?
-343065
In base 12, what is 57 + -6a8b52?
-6a8ab7
In base 9, what is 34586 - 28?
34557
In base 14, what is 813a9 + 7bb?
81b86
In base 2, what is -10111111011100110 + -1111000100?
-11000001010101010
In base 16, what is 2 - -1850b6b?
1850b6d
In base 11, what is -21300 - -4297?
-18014
In base 5, what is -21024 + 1112431?
1041402
In base 8, what is -10501623 - -216?
-10501405
In base 12, what is -20266 + 7a?
-201a8
In base 4, what is -121 - 121000013012?
-121000013133
In base 3, what is 10101201 + -10202212?
-101011
In base 11, what is 2 - -42028629?
42028630
In base 3, what is -12 + -111100001120211?
-111100001121000
In base 13, what is -5c6 - -26968?
26372
In base 4, what is 13213333 + -122222?
13031111
In base 13, what is -14 + 54c8c80?
54c8c69
In base 5, what is 10 - -2330134341?
2330134401
In base 7, what is -15424 - 32045?
-50502
In base 15, what is -96d18 + -2b2?
-970ca
In base 16, what is -5 - 7d3049?
-7d304e
In base 15, what is 122a5 - -357?
1260c
In base 13, what is -153 + 788a?
7737
In base 6, what is -122344 + -52203?
-214551
In base 11, what is -9208a47 - -2?
-9208a45
In base 7, what is -4610 + 11601?
3661
In base 6, what is 5 + -30411014400?
-30411014351
In base 6, what is -4 - 3321423031?
-3321423035
In base 3, what is 21 - -110101100020210012?
110101100020210110
In base 3, what is 11010220002120 + -211?
11010220001202
In base 10, what is 11 - -58302986?
58302997
In base 2, what is 1110011110001000 + -11011101?
1110011010101011
In base 5, what is -30031042 - 1244?
-30032341
In base 9, what is 283104 + -2714?
280280
In base 9, what is 20 + -70805636?
-70805616
In base 8, what is -42 + 656652?
656610
In base 7, what is 321345264 - -1?
321345265
In base 4, what is 32200303 + -300220?
31300023
In base 13, what is 0 + -b6b93?
-b6b93
In base 7, what is -44230 + -4232?
-51462
In base 3, what is 122022122222021010 - -10?
122022122222021020
In base 5, what is 3 + -221210441102?
-221210441044
In base 11, what is -1337 + 1082?
-265
In base 2, what is -101111 + 101110100101100010?
101110100100110011
In base 15, what is -4 + 326295a?
3262956
In base 15, what is 45e2 + 76?
4668
In base 2, what is -1011101 - -101111001000101110010?
101111001000100010101
In base 3, what is 1010221000110 - -12120?
1010221020000
In base 8, what is 40 + 631747?
632007
In base 8, what is 201110144 + -2?
201110142
In base 4, what is 3111320332 + 2?
3111321000
In base 16, what is 41a6045 - -5?
41a604a
In base 2, what is 101100010100 - -111101001010111?
1000010101101011
In base 9, what is -23318 - -3304?
-20014
In base 12, what is -5321 - 1191a?
-1703b
In base 9, what is 0 + 123026367?
123026367
In base 11, what is -45a - -6815?
6366
In base 3, what is 101210220222 - -212222?
101211210221
In base 11, what is -1779149 - 13?
-1779161
In base 3, what is 2012020 + 11012200?
20101220
In base 11, what is 244 - -688678?
688911
In base 6, what is 1050 + -2134253?
-2133203
In base 6, what is -11 - -3401052351?
3401052340
In base 2, what is 110010101011 - 1010110101?
100111110110
In base 7, what is -4 - 143126264?
-143126301
In base 14, what is -831 + -11895?
-122c6
In base 7, what is -6401 - 1011655?
-1021356
In base 7, what is 4 + -211052511?
-211052504
In base 11, what is -1207057 - -7?
-1207050
In base 2, what is -111011100011001011011 - 100110000?
-111011100011110001011
In base 12, what is -bb - 35150?
-3524b
In base 4, what is -11 - 12303113323?
-12303120000
In base 7, what is -6 - 11334526?
-11334535
In base 3, what is 10201 + -102220221100?
-102220210122
In base 12, what is 2 + -330a791?
-330a78b
In base 12, what is -35833024 - -7?
-35833019
In base 7, what is -150344 + -62223?
-242600
In base 12, what is -8a171b5 + -5?
-8a171ba
In base 3, what is -11 + 1012211010220122?
1012211010220111
In base 2, what is -1010100000110110000001010011 + 1100?
-101010